nits digit of 8236?
6
What is the tens digit of 38?
3
What is the thousands digit of 37715?
7
What is the tens digit of 1973?
7
What is the units digit of 20927?
7
What is the units digit of 2551?
1
What is the tens digit of 2578?
7
What is the units digit of 427?
7
What is the thousands digit of 8694?
8
What is the tens digit of 111?
1
What is the units digit of 201?
1
What is the units digit of 27052?
2
What is the units digit of 10758?
8
What is the tens digit of 657?
5
What is the units digit of 1314?
4
What is the units digit of 110442?
2
What is the ten thousands digit of 59938?
5
What is the ten thousands digit of 71268?
7
What is the ten thousands digit of 134649?
3
What is the units digit of 3692?
2
What is the tens digit of 163?
6
What is the units digit of 650?
0
What is the hundreds digit of 1041?
0
What is the units digit of 983?
3
What is the tens digit of 1737?
3
What is the units digit of 4334?
4
What is the thousands digit of 8439?
8
What is the thousands digit of 1517?
1
What is the thousands digit of 38997?
8
What is the hundreds digit of 532?
5
What is the ten thousands digit of 39894?
3
What is the ten thousands digit of 41550?
4
What is the hundreds digit of 882?
8
What is the hundreds digit of 15073?
0
What is the thousands digit of 30827?
0
What is the hundreds digit of 61685?
6
What is the thousands digit of 1654?
1
What is the hundreds digit of 10865?
8
What is the hundreds digit of 1212?
2
What is the tens digit of 5835?
3
What is the thousands digit of 17884?
7
What is the hundreds digit of 147?
1
What is the units digit of 453?
3
What is the ten thousands digit of 45422?
4
What is the tens digit of 8806?
0
What is the units digit of 16693?
3
What is the tens digit of 292?
9
What is the hundreds digit of 27939?
9
What is the tens digit of 8188?
8
What is the units digit of 88709?
9
What is the thousands digit of 6984?
6
What is the thousands digit of 79401?
9
What is the units digit of 6757?
7
What is the tens digit of 8850?
5
What is the hundreds digit of 102899?
8
What is the units digit of 81994?
4
What is the thousands digit of 1089?
1
What is the units digit of 1644?
4
What is the units digit of 12359?
9
What is the thousands digit of 1584?
1
What is the tens digit of 53154?
5
What is the hundreds digit of 27490?
4
What is the thousands digit of 9336?
9
What is the tens digit of 14866?
6
What is the hundreds digit of 30711?
7
What is the thousands digit of 17772?
7
What is the units digit of 23002?
2
What is the units digit of 459?
9
What is the thousands digit of 16703?
6
What is the hundreds digit of 1476?
4
What is the hundreds digit of 1044?
0
What is the hundreds digit of 773?
7
What is the thousands digit of 1519?
1
What is the hundreds digit of 17246?
2
What is the ten thousands digit of 57044?
5
What is the hundreds digit of 844?
8
What is the hundreds digit of 813?
8
What is the thousands digit of 6344?
6
What is the tens digit of 5626?
2
What is the thousands digit of 1047?
1
What is the tens digit of 832?
3
What is the hundreds digit of 968?
9
What is the units digit of 25123?
3
What is the hundreds digit of 2167?
1
What is the tens digit of 1711?
1
What is the units digit of 2874?
4
What is the tens digit of 1603?
0
What is the ten thousands digit of 22881?
2
What is the tens digit of 4293?
9
What is the tens digit of 6962?
6
What is the ten thousands digit of 64265?
6
What is the hundreds digit of 33147?
1
What is the thousands digit of 1739?
1
What is the thousands digit of 4856?
4
What is the units digit of 460?
0
What is the hundreds digit of 5156?
1
What is the thousands digit of 1238?
1
What is the hundreds digit of 1380?
3
What is the hundreds digit of 9936?
9
What is the hundreds digit of 86957?
9
What is the units digit of 1563?
3
What is the thousands digit of 7296?
7
What is the units digit of 9745?
5
What is the tens digit of 5548?
4
What is the tens digit of 30059?
5
What is the hundreds digit of 904?
9
What is the tens digit of 2909?
0
What is the tens digit of 4429?
2
What is the ten thousands digit of 17267?
1
What is the tens digit of 92667?
6
What is the hundreds digit of 167?
1
What is the units digit of 4436?
6
What is the hundreds digit of 19380?
3
What is the units digit of 2?
2
What is the thousands digit of 27363?
7
What is the tens digit of 741?
4
What is the tens digit of 656?
5
What is the units digit of 3836?
6
What is the units digit of 1270?
0
What is the tens digit of 19589?
8
What is the ten thousands digit of 17055?
1
What is the tens digit of 21877?
7
What is the ten thousands digit of 33725?
3
What is the tens digit of 14535?
3
What is the ten thousands digit of 37413?
3
What is the hundreds digit of 1393?
3
What is the units digit of 967?
7
What is the units digit of 7418?
8
What is the hundreds digit of 7441?
4
What is the thousands digit of 4141?
4
What is the hundreds digit of 221?
2
What is the thousands digit of 1067?
1
What is the hundreds digit of 473?
4
What is the thousands digit of 3870?
3
What is the ten thousands digit of 28026?
2
What is the hundreds digit of 1343?
3
What is the units digit of 24377?
7
What is the tens digit of 28464?
6
What is the units digit of 1020?
0
What is the tens digit of 102177?
7
What is the hundreds digit of 933?
9
What is the units digit of 16470?
0
What is the tens digit of 1166?
6
What is the hundreds digit of 658?
6
What is the units digit of 755?
5
What is the units digit of 174?
4
What is the thousands digit of 1876?
1
What is the hundreds digit of 6562?
5
What is the hundreds digit of 2247?
2
What is the tens digit of 13709?
0
What is the tens digit of 617?
1
What is the units digit of 250?
0
What is the tens digit of 469?
6
What is the units digit of 844?
4
What is the hundreds digit of 12903?
9
What is the thousands digit of 14218?
4
What is the thousands digit of 20753?
0
What is the units digit of 1950?
0
What is the hundreds digit of 26820?
8
What is the tens digit of 365?
6
What is the units digit of 1456?
6
What is the hundreds digit of 56274?
2
What is the units digit of 2206?
6
What is the tens digit of 13?
1
What is the tens digit of 131?
3
What is the thousands digit of 1971?
1
What is the hundreds digit of 602?
6
What is the thousands digit of 2766?
2
What is the units digit of 883?
3
What is the units digit of 1441?
1
What is the thousands digit of 57693?
7
What is the hundreds digit of 2148?
1
What is the hundreds digit of 4451?
4
What is the ten thousands digit of 31846?
3
What is the hundreds digit of 48421?
4
What is the tens digit of 2100?
0
What is the units digit of 420?
0
What is the tens digit of 1136?
3
What is the tens digit of 90?
9
What is the thousands digit of 30026?
0
What is the hundreds digit of 134?
1
What is the tens digit of 2243?
4
What is the tens digit of 6107?
0
What is the tens digit of 624?
2
What is the hundreds digit of 268?
2
What is the units digit of 36420?
0
What is the thousands digit of 6225?
6
What is the thousands digit of 24900?
4
What is the hundreds digit of 153074?
0
What is the hundreds digit of 612?
6
What is the tens digit of 264?
6
What is the units digit of 3475?
5
What is the tens digit of 633?
3
What is the units digit of 1050?
0
What is the units digit of 1899?
9
What is the units digit of 3951?
1
What is the ten thousands digit of 82618?
8
What is the units digit of 1583?
3
What is the units digit of 913?
3
What is the tens digit of 3609?
0
What is the hundreds digit of 592?
5
What is the tens digit of 9185?
8
What is the tens digit of 4153?
5
What is the thousands digit of 1651?
1
What is the hundreds digit of 2018?
0
What is the hundreds digit of 5141?
1
What is the tens digit of 781?
8
What is the ten thousands digit of 13465?
1
What is the hundreds digit of 3700?
7
What is the thousands digit of 1044?
1
What is the thousands digit of 3416?
3
What is the tens digit of 17720?
2
What is the thousands digit of 14633?
4
What is the thousands digit of 138504?
8
What is the ten thousands digit of 20515?
2
What is the units digit of 16610?
0
What is the units digit of 36306?
6
What is the ten thousands digit of 56000?
5
What is the hundreds digit of 21640?
6
What is the tens digit of 1006?
0
What is the tens digit of 41908?
0
What is the units digit of 7